{"id":52,"date":"2023-03-01T11:05:22","date_gmt":"2023-03-01T11:05:22","guid":{"rendered":"https:\/\/domaine-du-mont.fr\/?page_id=52"},"modified":"2024-02-08T07:36:39","modified_gmt":"2024-02-08T07:36:39","slug":"bois-de-chauffage","status":"publish","type":"page","link":"https:\/\/domaine-du-mont.fr\/?page_id=52","title":{"rendered":"Bois de chauffage"},"content":{"rendered":"\n<p>Notre bois de chauffage est coup\u00e9 sur le domaine de mani\u00e8re \u00e9co-responsable. Nous privil\u00e9gions la coupe des sujets morts ou en fin de vie pour permettre aux autres de s&rsquo;\u00e9panouir pleinement.<\/p>\n\n\n\n<p>Afin de garantir un pouvoir calorifique optimum, les coupes propos\u00e9es \u00e0 la vente b\u00e9n\u00e9ficient d&rsquo;un temps de s\u00e9chage compris entre 4 et 15 ans. <\/p>\n\n\n\n<p>Essences propos\u00e9es : Fr\u00eane, Ch\u00e2taignier, Ch\u00eane, Charme<\/p>\n\n\n\n<p>Tarif : 75\u20ac le st\u00e8re<\/p>\n\n\n\n<p>Contact : 06-07-10-12-60<\/p>\n","protected":false},"excerpt":{"rendered":"<p>Notre bois de chauffage est coup\u00e9 sur le domaine de mani\u00e8re \u00e9co-responsable. Nous privil\u00e9gions la coupe des sujets morts ou [&hellip;]<\/p>\n","protected":false},"author":1,"featured_media":0,"parent":0,"menu_order":2,"comment_status":"closed","ping_status":"closed","template":"","meta":{"site-sidebar-layout":"default","site-content-layout":"","ast-site-content-layout":"default","site-content-style":"default","site-sidebar-style":"default","ast-global-header-display":"","ast-banner-title-visibility":"","ast-main-header-display":"","ast-hfb-above-header-display":"","ast-hfb-below-header-display":"","ast-hfb-mobile-header-display":"","site-post-title":"","ast-breadcrumbs-content":"","ast-featured-img":"","footer-sml-layout":"","ast-disable-related-posts":"","theme-transparent-header-meta":"","adv-header-id-meta":"","stick-header-meta":"","header-above-stick-meta":"","header-main-stick-meta":"","header-below-stick-meta":"","astra-migrate-meta-layouts":"default","ast-page-background-enabled":"default","ast-page-background-meta":{"desktop":{"background-color":"var(--ast-global-color-5)","background-image":"","background-repeat":"repeat","background-position":"center center","background-size":"auto","background-attachment":"scroll","background-type":"","background-media":"","overlay-type":"","overlay-color":"","overlay-opacity":"","overlay-gradient":""},"tablet":{"background-color":"","background-image":"","background-repeat":"repeat","background-position":"center center","background-size":"auto","background-attachment":"scroll","background-type":"","background-media":"","overlay-type":"","overlay-color":"","overlay-opacity":"","overlay-gradient":""},"mobile":{"background-color":"","background-image":"","background-repeat":"repeat","background-position":"center center","background-size":"auto","background-attachment":"scroll","background-type":"","background-media":"","overlay-type":"","overlay-color":"","overlay-opacity":"","overlay-gradient":""}},"ast-content-background-meta":{"desktop":{"background-color":"var(--ast-global-color-4)","background-image":"","background-repeat":"repeat","background-position":"center center","background-size":"auto","background-attachment":"scroll","background-type":"","background-media":"","overlay-type":"","overlay-color":"","overlay-opacity":"","overlay-gradient":""},"tablet":{"background-color":"var(--ast-global-color-4)","background-image":"","background-repeat":"repeat","background-position":"center center","background-size":"auto","background-attachment":"scroll","background-type":"","background-media":"","overlay-type":"","overlay-color":"","overlay-opacity":"","overlay-gradient":""},"mobile":{"background-color":"var(--ast-global-color-4)","background-image":"","background-repeat":"repeat","background-position":"center center","background-size":"auto","background-attachment":"scroll","background-type":"","background-media":"","overlay-type":"","overlay-color":"","overlay-opacity":"","overlay-gradient":""}},"footnotes":""},"class_list":["post-52","page","type-page","status-publish","hentry"],"_links":{"self":[{"href":"https:\/\/domaine-du-mont.fr\/index.php?rest_route=\/wp\/v2\/pages\/52","targetHints":{"allow":["GET"]}}],"collection":[{"href":"https:\/\/domaine-du-mont.fr\/index.php?rest_route=\/wp\/v2\/pages"}],"about":[{"href":"https:\/\/domaine-du-mont.fr\/index.php?rest_route=\/wp\/v2\/types\/page"}],"author":[{"embeddable":true,"href":"https:\/\/domaine-du-mont.fr\/index.php?rest_route=\/wp\/v2\/users\/1"}],"replies":[{"embeddable":true,"href":"https:\/\/domaine-du-mont.fr\/index.php?rest_route=%2Fwp%2Fv2%2Fcomments&post=52"}],"version-history":[{"count":5,"href":"https:\/\/domaine-du-mont.fr\/index.php?rest_route=\/wp\/v2\/pages\/52\/revisions"}],"predecessor-version":[{"id":153,"href":"https:\/\/domaine-du-mont.fr\/index.php?rest_route=\/wp\/v2\/pages\/52\/revisions\/153"}],"wp:attachment":[{"href":"https:\/\/domaine-du-mont.fr\/index.php?rest_route=%2Fwp%2Fv2%2Fmedia&parent=52"}],"curies":[{"name":"wp","href":"https:\/\/api.w.org\/{rel}","templated":true}]}}